 133908036?
False
Does 23 divide 1254710812?
True
Is 535781618 a multiple of 1420?
False
Is 105 a factor of 180479851?
False
Is 4742062888 a multiple of 2998?
False
Does 73 divide 43855480?
True
Is 1543013 a multiple of 655?
False
Does 351 divide 72969955?
False
Does 968 divide 155884805?
False
Is 474423720 a multiple of 885?
True
Does 404 divide 227803492?
False
Does 3604 divide 183551340?
False
Is 21814350 a multiple of 1150?
True
Is 111792252 a multiple of 26?
True
Does 376 divide 1501116754?
False
Is 1774 a factor of 1389770030?
False
Does 122 divide 3149217232?
True
Is 375454950 a multiple of 185?
False
Is 319 a factor of 18232823?
False
Is 14 a factor of 22140111?
False
Is 11 a factor of 1831468419?
True
Is 683 a factor of 406915008?
True
Does 1414 divide 57888272?
False
Is 442 a factor of 84412276?
True
Is 540078 a multiple of 66?
True
Is 582034 a multiple of 466?
True
Is 4 a factor of 4896471?
False
Is 90753750 a multiple of 25?
True
Is 256879862 a multiple of 97?
True
Does 930 divide 48044730?
True
Is 369 a factor of 134891814?
False
Is 64000823 a multiple of 19?
False
Does 12 divide 144975396?
True
Is 276 a factor of 39828456?
True
Does 1141 divide 3444684431?
False
Does 20 divide 30775190?
False
Is 10 a factor of 12080229?
False
Is 59112515 a multiple of 19?
True
Is 572850056 a multiple of 173?
True
Is 263069499 a multiple of 177?
False
Is 102051829 a multiple of 19?
False
Is 233764215 a multiple of 664?
False
Is 102 a factor of 21152148?
True
Does 784 divide 74201680?
True
Is 26812533 a multiple of 715?
False
Does 18 divide 545642550?
True
Does 4 divide 245800738?
False
Does 404 divide 433916889?
False
Is 47545160 a multiple of 120?
False
Is 2086128 a multiple of 7?
False
Is 2954411694 a multiple of 39?
True
Is 11 a factor of 2873017972?
True
Does 214 divide 83557798?
True
Does 209 divide 493837322?
True
Does 19 divide 2554360?
True
Is 4 a factor of 34469347?
False
Is 7 a factor of 387936278?
False
Is 170 a factor of 92483400?
True
Is 294 a factor of 215140422?
False
Is 407191196 a multiple of 1966?
False
Is 4395561039 a multiple of 999?
True
Is 1085329964 a multiple of 2998?
True
Is 35384695 a multiple of 254?
False
Does 608 divide 4066426208?
True
Is 12790188 a multiple of 17?
True
Is 115374214 a multiple of 7622?
True
Is 1122901590 a multiple of 719?
False
Is 774 a factor of 748329593?
False
Does 12 divide 1721837?
False
Does 4838 divide 943569654?
True
Is 625 a factor of 4051250?
True
Does 6755 divide 125900769?
False
Is 30742676 a multiple of 1969?
False
Does 1292 divide 187121652?
True
Does 922 divide 225398394?
False
Does 123 divide 10140309?
False
Is 23609047 a multiple of 762?
False
Is 812 a factor of 13787760?
True
Is 76767570 a multiple of 4?
False
Is 11 a factor of 928601289?
True
Is 6090161 a multiple of 4?
False
Is 28 a factor of 6344750?
False
Does 5 divide 9820405?
True
Does 1543 divide 72428420?
True
Is 28171472 a multiple of 7?
True
Does 4747 divide 431788027?
False
Does 23 divide 46639193?
True
Does 95 divide 66551501?
False
Is 6 a factor of 7432404?
True
Is 18 a factor of 339224022?
True
Does 45 divide 4320000?
True
Does 24 divide 173631744?
True
Is 21 a factor of 138882337?
False
Is 19 a factor of 39347786?
False
Does 104 divide 520285584?
True
Does 165 divide 165784293?
False
Does 1959 divide 926851875?
True
Does 2682 divide 161895065?
False
Is 156412410 a multiple of 1617?
True
Is 29 a factor of 2500848089?
True
Is 59 a factor of 16400257?
False
Is 222 a factor of 432675179?
False
Is 16 a factor of 1414016055?
False
Is 16 a factor of 11290864?
True
Is 3757248 a multiple of 176?
True
Is 6 a factor of 86883696?
True
Does 32 divide 1069920?
True
Does 5 divide 27629710?
True
Is 603700642 a multiple of 4142?
True
Is 6 a factor of 823205363?
False
Is 2617 a factor of 104761127?
True
Is 5805646 a multiple of 22?
True
Is 50 a factor of 15141712?
False
Does 370 divide 72406780?
True
Is 153774232 a multiple of 87?
False
Is 196163314 a multiple of 5?
False
Does 1306 divide 129135027?
False
Is 938 a factor of 27409298?
True
Is 16 a factor of 2639329620?
False
Does 481 divide 33762352?
True
Is 11589774 a multiple of 294?
True
Is 19510590 a multiple of 30?
True
Does 13 divide 12528826?
False
Is 2143847900 a multiple of 1615?
True
Is 24708600 a multiple of 2072?
True
Is 6820568 even?
True
Is 21591608 a multiple of 4?
True
Is 676670186 a multiple of 426?
False
Is 3 a factor of 11323954?
False
Is 332449912 a multiple of 92?
True
Is 13 a factor of 86508?
False
Is 51 a factor of 60760335?
False
Does 134 divide 1255497506?
False
Is 396089041 a multiple of 305?
False
Does 14 divide 1488117022?
True
Does 10 divide 1825570?
True
Does 1974 divide 2760305363?
False
Is 1039 a factor of 211084279?
True
Is 8167609 a multiple of 397?
False
Is 2011 a factor of 780508702?
False
Does 71 divide 20936409?
True
Does 807 divide 108159233?
False
Does 109 divide 31333060?
False
Is 1077516029 a multiple of 15?
False
Is 123731523 a multiple of 9501?
True
Is 299331480 a multiple of 185?
True
Is 44 a factor of 32129988?
True
Does 1248 divide 10999872?
True
Is 252981865 a multiple of 10?
False
Is 301 a factor of 27066083?
False
Is 38 a factor of 56050836?
True
Does 9 divide 42276312?
True
Is 15930634 a multiple of 786?
False
Is 180 a factor of 10858140?
True
Does 7 divide 8294412?
True
Does 468 divide 106004536?
False
Is 48 a factor of 669035601?
False
Does 81 divide 21615498?
True
Does 221 divide 49435932?
True
Is 7 a factor of 12641293?
True
Does 37 divide 5478960?
True
Is 9 a factor of 9718416?
True
Is 45138029 a multiple of 23?
True
Does 21 divide 131180867?
False
Does 14 divide 520179436?
True
Does 504 divide 27369740?
False
Is 1550 a factor of 356519171?
False
Is 26 a factor of 302734406?
True
Is 16 a factor of 62630833?
False
Is 3 a factor of 84352277?
False
Is 71073258 a multiple of 1216?
False
Does 2559 divide 64008267?
True
Is 32152616 a multiple of 147?
False
Does 25 divide 185522005?
False
Is 116 a factor of 883822566?
False
Does 80 divide 113638424?
False
Is 137348004 a multiple of 6?
True
Is 7450638 a multiple of 13?
True
Does 26 divide 2198332838?
True
Does 8 divide 245584?
True
Is 1134 a factor of 13068216?
True
Does 967 divide 16337465?
True
Does 18 divide 284510124?
True
Is 11936904 a multiple of 42?
True
Is 20 a factor of 909056480?
True
Is 30 a factor of 725002230?
True
Is 343 a factor of 24509408?
True
Is 175 a factor of 5265787?
False
Does 1948 divide 472230182?
False
Does 22 divide 8575446?
True
Does 24 divide 1979313087?
False
Is 36193672 a multiple of 38?
False
Does 20 divide 427727360?
True
Is 2059546 a multiple of 701?
False
Is 1418540209 a multiple of 444?
False
Is 2965702440 a multiple of 5752?
True
Is 6779312 a multiple of 16?
True
Does 169 divide 256027230?
False
Is 356744208 a multiple of 7338?
True
Is 16 a factor of 155211872?
True
Is 132712263 a multiple of 488?
False
Is 299 a factor of 2841696?
True
Is 24599255 a multiple of 3?
False
Is 231130009 a multiple of 99?
False
Is 7 a factor of 101891363?
True
Is 1592240669 a multiple of 1110?
False
Does 205 divide 713437105?
True
Does 6 divide 923164122?
True
Does 90 divide 271622?
False
Is 13316 a factor of 2523829230?
False
Is 364438756 a multiple of 22?
True
Does 346 divide 16305596?
True
Is 33 a factor of 160481201?
False
Is 11 a factor of 94137297?
False
Is 180 a factor of 7517950?
False
Does 42 divide 87676890?
True
Does 54 divide 60533136?
True
Does 98 divide 85489908?
True
Is 23010400 a multiple of 964?
False
Is 1300 a factor of 21695113?
False
Is 5 a factor of 222250628?
False
Is 907412 a multiple of 902?
True
Is 1254 a factor of 168390941?
False
Is 313 a factor of 12359181?
False
Does 1218 divide 101525172?
True
Does 97 divide 142173579?
True
Does 4928 divide 3309231569?
False
Is 1307125410 a multiple of 290?
True
Is 503 a factor of 633563194?
False
Does 70 divide 410797800?
True
Does 31 divide 790996?
True
Is 2800404089 a multiple of 37?
True
Is 675 a factor of 12734550?
True
Is 99092591 a multiple of 157?
True
Is 24447630 a multiple of 22?
False
Is 146565396 a multiple of 1406?
False
Is 83 a factor of 29359611?
False
Does 122 divide 133680437?
False
Is 38496414 a multiple of 22?
True
Is 509 a factor of 488115730?
True
Is 243 a factor of 89796762?
True
Does 